ctors of 906467?
577, 1571
List the prime factors of 458420.
2, 5, 22921
List the prime factors of 577391.
19, 30389
What are the prime factors of 690050?
2, 5, 37, 373
List the prime factors of 4876990.
2, 5, 71, 6869
What are the prime factors of 116865?
3, 5, 7, 53
List the prime factors of 799561.
7, 17, 6719
What are the prime factors of 10000234?
2, 127, 39371
What are the prime factors of 4929686?
2, 59, 41777
What are the prime factors of 825987?
3, 19, 43, 337
What are the prime factors of 382840?
2, 5, 17, 563
What are the prime factors of 31508430?
2, 3, 5, 1050281
What are the prime factors of 2480420?
2, 5, 124021
What are the prime factors of 851042?
2, 425521
List the prime factors of 33961.
33961
What are the prime factors of 2236320?
2, 3, 5, 1553
List the prime factors of 810402.
2, 3, 31, 4357
List the prime factors of 951982.
2, 475991
List the prime factors of 455412.
2, 3, 37951
What are the prime factors of 59826?
2, 3, 13, 59
What are the prime factors of 1570376?
2, 73, 2689
What are the prime factors of 133385?
5, 7, 37, 103
List the prime factors of 1041707.
211, 4937
List the prime factors of 127524.
2, 3, 10627
List the prime factors of 7797726.
2, 3, 433207
What are the prime factors of 18191108?
2, 13, 349829
What are the prime factors of 3785204?
2, 43, 59, 373
What are the prime factors of 3343253?
467, 7159
List the prime factors of 1741957.
7, 248851
List the prime factors of 2158317.
3, 7, 34259
What are the prime factors of 271706?
2, 73, 1861
List the prime factors of 15173739.
3, 7, 240853
What are the prime factors of 384651?
3, 79, 541
List the prime factors of 2574484.
2, 11, 58511
List the prime factors of 207243.
3, 23027
What are the prime factors of 877404?
2, 3, 11, 17, 23
What are the prime factors of 378801?
3, 42089
What are the prime factors of 585832?
2, 13, 43, 131
List the prime factors of 20568994.
2, 10284497
What are the prime factors of 2392086?
2, 3, 398681
List the prime factors of 8875713.
3, 7, 11, 499
What are the prime factors of 672125?
5, 19, 283
What are the prime factors of 1396704?
2, 3, 14549
List the prime factors of 1193177.
191, 6247
What are the prime factors of 2293744?
2, 23, 271
What are the prime factors of 6970093?
13, 19, 28219
List the prime factors of 2130568.
2, 11, 31, 71
List the prime factors of 8403921.
3, 37, 25237
List the prime factors of 184467.
3, 17, 3617
What are the prime factors of 482150?
2, 5, 9643
What are the prime factors of 13194394?
2, 6597197
List the prime factors of 9311627.
13, 716279
List the prime factors of 164687.
37, 4451
List the prime factors of 181721.
181721
List the prime factors of 7058665.
5, 43, 32831
What are the prime factors of 964573?
19, 50767
List the prime factors of 874819.
11, 67, 1187
List the prime factors of 234012.
2, 3, 19501
List the prime factors of 612062.
2, 11, 43, 647
What are the prime factors of 36596059?
23, 139, 11447
List the prime factors of 21676815.
3, 5, 19, 313
What are the prime factors of 664041?
3, 7, 103, 307
List the prime factors of 3786423.
3, 619, 2039
What are the prime factors of 19951048?
2, 13, 191837
What are the prime factors of 1295412?
2, 3, 107951
List the prime factors of 3483397.
67, 51991
What are the prime factors of 3080135?
5, 616027
List the prime factors of 1461515.
5, 11, 26573
List the prime factors of 899118.
2, 3, 11, 19, 239
What are the prime factors of 869008?
2, 7, 7759
List the prime factors of 233446.
2, 151, 773
List the prime factors of 3761178.
2, 3, 397, 1579
What are the prime factors of 7142682?
2, 3, 1190447
What are the prime factors of 95467?
95467
List the prime factors of 3007056.
2, 3, 13, 61, 79
List the prime factors of 173255.
5, 34651
List the prime factors of 18066697.
11, 73, 149, 151
What are the prime factors of 3750203?
3750203
What are the prime factors of 161238?
2, 3, 7, 11, 349
List the prime factors of 734730.
2, 3, 5, 19, 1289
What are the prime factors of 23844346?
2, 89, 97, 1381
List the prime factors of 7278699.
3, 2426233
List the prime factors of 65632.
2, 7, 293
List the prime factors of 1379655.
3, 5, 23, 31, 43
List the prime factors of 804007.
804007
What are the prime factors of 2306137?
269, 8573
What are the prime factors of 43641?
3, 13, 373
List the prime factors of 1983233.
7, 449, 631
What are the prime factors of 178290?
2, 3, 5, 7, 283
What are the prime factors of 25201113?
3, 7, 61, 103, 191
List the prime factors of 2166196.
2, 541549
What are the prime factors of 23594328?
2, 3, 53, 229
List the prime factors of 320408.
2, 11, 331
List the prime factors of 534239.
487, 1097
What are the prime factors of 4848800?
2, 5, 11, 19, 29
List the prime factors of 2105936.
2, 7, 18803
What are the prime factors of 4303962?
2, 3, 13, 6131
List the prime factors of 14487336.
2, 3, 79, 283
List the prime factors of 7896273.
3, 7, 11, 34183
List the prime factors of 1592124.
2, 3, 19, 6983
What are the prime factors of 16692039?
3, 7, 13, 89, 229
What are the prime factors of 19556189?
73, 267893
List the prime factors of 714150.
2, 3, 5, 23
What are the prime factors of 297005?
5, 191, 311
List the prime factors of 334368.
2, 3, 43
List the prime factors of 439951.
79, 5569
List the prime factors of 4392741.
3, 151, 9697
What are the prime factors of 233596?
2, 11, 5309
List the prime factors of 1811023.
19, 95317
List the prime factors of 18033319.
37, 487387
What are the prime factors of 10277350?
2, 5, 17, 107, 113
List the prime factors of 385713.
3, 17, 2521
What are the prime factors of 361844?
2, 7, 12923
List the prime factors of 22586171.
22586171
What are the prime factors of 5892603?
3, 19, 5441
What are the prime factors of 4219921?
431, 9791
List the prime factors of 9423663.
3, 3141221
List the prime factors of 221336.
2, 73, 379
What are the prime factors of 1041005?
5, 7, 607
What are the prime factors of 602554?
2, 23, 13099
What are the prime factors of 4192205?
5, 838441
What are the prime factors of 8216771?
2551, 3221
List the prime factors of 784131.
3, 29, 9013
What are the prime factors of 20244698?
2, 37, 79, 3463
List the prime factors of 113882.
2, 56941
What are the prime factors of 34384422?
2, 3, 5730737
List the prime factors of 508703.
13, 109, 359
List the prime factors of 4215588.
2, 3, 13, 61, 443
What are the prime factors of 2706327?
3, 13, 23131
What are the prime factors of 215034?
2, 3, 35839
What are the prime factors of 33648?
2, 3, 701
List the prime factors of 290310.
2, 3, 5, 9677
List the prime factors of 290253.
3, 31, 3121
What are the prime factors of 407421?
3, 7, 29, 223
What are the prime factors of 16465861?
23, 43, 16649
List the prime factors of 1253471.
1253471
List the prime factors of 774021.
3, 59, 4373
What are the prime factors of 5386008?
2, 3, 17, 43, 307
List the prime factors of 27412026.
2, 3, 41, 111431
What are the prime factors of 31558?
2, 31, 509
What are the prime factors of 5096524?
2, 23, 31, 1787
What are the prime factors of 525340?
2, 5, 26267
What are the prime factors of 478743?
3, 19, 37, 227
List the prime factors of 96008.
2, 11, 1091
What are the prime factors of 157449?
3, 31, 1693
What are the prime factors of 596844?
2, 3, 59, 281
What are the prime factors of 15125346?
2, 3, 280099
List the prime factors of 84090.
2, 3, 5, 2803
List the prime factors of 587918.
2, 61, 79
What are the prime factors of 2956686?
2, 3, 492781
List the prime factors of 12512738.
2, 7, 127681
List the prime factors of 2264637.
3, 53, 14243
List the prime factors of 156963.
3, 52321
What are the prime factors of 23656?
2, 2957
What are the prime factors of 583521?
3, 194507
What are the prime factors of 70658?
2, 7, 103
List the prime factors of 574880.
2, 5, 3593
List the prime factors of 19879140.
2, 3, 5, 331319
List the prime factors of 401070.
2, 3, 5, 29, 461
List the prime factors of 206276.
2, 7, 53, 139
What are the prime factors of 2162699?
7, 11, 28087
List the prime factors of 1401691.
53, 499
List the prime factors of 564041.
564041
What are the prime factors of 784359?
3, 87151
What are the prime factors of 5055177?
3, 41, 73, 563
List the prime factors of 67639.
11, 13, 43
List the prime factors of 2142944.
2, 167, 401
List the prime factors of